/12*x**4 - 3/2*x**2. Suppose 327*p = 336*p + 27. What is t(p)?
-6
Let q(r) = 3*r + 2. Let k be q(-3). Let x(u) = -3*u**2 + 11*u - 5. Let h(t) = -7*t**2 + 23*t - 11. Let s(j) = 4*h(j) - 9*x(j). What is s(k)?
1
Let h(w) = -1. Let u(q) = q**2 + 4*q + 1. Let k(p) = 4*h(p) + u(p). Let z = -22 - -17. Let s be k(z). Let r(b) = b**2 + 4*b - 3. Determine r(s).
9
Let d(p) be the first derivative of -p**4/12 - p**3/6 + 6*p - 8. Let k(r) be the first derivative of d(r). Determine k(0).
0
Let s(u) be the second derivative of u**4/12 + 7*u**3/6 + 5*u**2/2 - 175*u. Determine s(-5).
-5
Let n = 88 - 97. Let g(x) = 2*x + 20. Give g(n).
2
Let p(j) = 2*j. Suppose -66 = -7*m + 11. Suppose v + 0*v + 2*t - m = 0, v + 1 = t. Give p(v).
6
Let i(z) be the first derivative of z**3/3 - z**2/2 - 2*z - 60. Determine i(2).
0
Let c = -5 - -12. Suppose -5*g + c = -13. Let z be (-1)/(-1) + (8 - g). Let s(h) = h**2 - 6*h + 4. Give s(z).
-1
Let q(w) be the first derivative of -w**4/4 + 5*w**3/3 + 5*w**2/2 - w + 3. Suppose 0 = -3*k + 4*k - 15. Let f = 21 - k. What is q(f)?
-7
Let f be (-4)/3*156/(-8). Suppose -5*b - 3 = h - f, -h - 9 = -3*b. Suppose 4*m + b*q = -20, 0 = 4*m - 9*m + 3*q - 17. Let u(k) = k + 3. Calculate u(m).
-1
Let u(z) = -2*z + 25. Let q be u(10). Suppose -2*r + 10 = -3*x - 0*x, -q*x - 50 = 5*r. Let j(y) = -y**3 - 7*y**2 - 6*y + 2. What is j(x)?
2
Suppose 5*d - 106 = 4*d. Let h(u) = -u + d + 0*u - 109. Suppose -2*t + 6 = -5*m + t, 0 = 5*m + 4*t - 8. Determine h(m).
-3
Suppose -138*o + 133*o = 2*a - 28, -4*o + 5*a = -29. Let b(n) = -n**2 + 3*n + 18. What is b(o)?
0
Let y(m) = -7 - 9*m + 68*m**2 - 187*m**2 + 60*m**2 + 61*m**2. What is y(7)?
28
Let m(k) be the first derivative of -k**3/6 + 13*k**2/2 - 7*k + 42. Let h(c) be the first derivative of m(c). Calculate h(9).
4
Let s be 2/10 + (-930)/150. Let q(z) = -z**3 - 7*z**2 - 4. What is q(s)?
-40
Suppose -38*m = -54*m - 112. Let y(f) = -4*f + 4. Determine y(m).
32
Let q(y) = y + 2. Let a be 180/(-54)*6/4. Let i(k) = -2*k - 5. Let g(o) = a*q(o) - 2*i(o). Suppose x - 2 + 7 = 0, -5*x - 25 = 3*t. Determine g(t).
0
Let w(b) = -2*b + 4. Let a(x) = -2*x + 4. Let d(s) = -4*a(s) + 5*w(s). Give d(-4).
12
Let n(m) = -20*m + 3*m + 7*m. Let h(o) = o + 2. Let r be h(-6). Let y be (r/(1 - 3))/(-2). Give n(y).
10
Let p = 843 - 847. Let u(y) = y**2. Let q(m) = 2*m**2 - 2*m - 4. Let a(h) = q(h) - 3*u(h). Calculate a(p).
-12
Suppose -o = -3*d + 17, -o + 16 = 4*d - 2. Let i(v) = -9*v - 2. Determine i(o).
16
Let g = 538 + -532. Let v(i) = i**3 - 4*i**2 - 8*i - 2. Determine v(g).
22
Let z(q) = q - 12. Let t be (-90)/(-21) + 4/(-14). Let n(b) = b - 12. Let p(s) = t*z(s) - 3*n(s). Let a = 48 + -48. Determine p(a).
-12
Let q = 5 + 1. Let k(l) = -l**3 + 6*l**2 + 0 - 1903*l + 1903*l - 3. Give k(q).
-3
Suppose 0 = 32*p - 123 - 5. Let c(k) = -6*k + 3. Give c(p).
-21
Let s = 315 - 319. Let m(t) be the third derivative of -t**4/8 - 2*t**3/3 - 23*t**2. Calculate m(s).
8
Let v(w) be the second derivative of w**3 + 22*w - 3/2*w**2 + 0 - 1/12*w**4. Give v(8).
-19
Suppose 10 = 3*t - t. Suppose 0 = 2*m + 3*c - 14, t*c = 7*c - 4. Let p(j) be the third derivative of -j**5/60 + j**4/8 - j**2. What is p(m)?
-4
Let h = -117 - -115. Let b(s) = 5*s + 4. Give b(h).
-6
Suppose 0*a = 4*a - 16. Let r(l) = 7*l + 20*l - 5 - 28*l. Determine r(a).
-9
Let y(o) = -o - 3. Suppose 0 = 2*h - h. Let w be y(h). Let n(t) = t**2 + t. Let c(i) = -i - 1. Let r(v) = w*c(v) - n(v). Determine r(3).
0
Let b(c) = c + 1. Let y(t) = 5*t**2 - 1 + 5 - 3. Let u be y(-1). Give b(u).
7
Let c(d) = -10*d**2 + 8*d - 3 + 9*d**2 - 13*d - d + 2*d. Calculate c(-3).
0
Let n(p) be the third derivative of p**6/180 - p**5/60 + 5*p**4/8 - 21*p**2. Let h(w) be the second derivative of n(w). What is h(-2)?
-10
Let v(f) = -3*f + 11. Suppose -5*t - 90 + 130 = 0. Give v(t).
-13
Let q = 12 + -8. Let r(f) = f - 14. Let z be r(q). Let h = 4 + z. Let p(k) = -k**2 - 4*k + 7. What is p(h)?
-5
Let w(i) = i**2 - 6*i + 3. Let b = 10 - 0. Let v(u) = u**2 + u + 3. Let o be v(0). Let d be o + -3 - b/(-2). Calculate w(d).
-2
Let k(y) = -2*y + 2. Let z(p) = 12*p - 199. Let b be z(16). What is k(b)?
16
Let a(z) be the first derivative of 3*z + 1/4*z**4 - 8 + 2*z**3 + 1/2*z**2. Let y = 10 + -16. Calculate a(y).
-3
Let z(h) = -8 - 23*h - 16*h + 30*h + 4. What is z(-3)?
23
Let w(d) be the third derivative of -d**5/60 - d**4/12 + 3*d**3 + 90*d**2 + 1. Calculate w(-5).
3
Suppose 3*l - 1 = 2*o, l = 3 - 6. Let v(i) = -i**3 - i**2 - i. Let x(h) = 6*h**3 + 6*h**2 + 7*h + 1. Let g(n) = o*v(n) - x(n). Calculate g(2).
-17
Let d(o) = -o**2 - 1. Let n(f) = -f**3 + 5*f**2 + 3*f + 2. Suppose -63 + 65 = -2*u. Let q(h) = u*n(h) - 4*d(h). What is q(2)?
0
Let b be (0/(-7))/(10 + -6). Let n(i) = -i**2 + i + 22. Determine n(b).
22
Suppose -32 = -2*j + 6*j. Let c be 4*(4 - (-44)/j). Let u(k) = -k**3 - 7*k**2 - 7*k - 2. Calculate u(c).
4
Let n(z) = 7*z - 16. Let t(k) = 20*k - 47. Let u(d) = -17*n(d) + 6*t(d). Let o = 15 + -7. Calculate u(o).
-2
Suppose 5*u + 11*l - 9*l = -67, -4*u - 54 = 2*l. Let x(p) = p**3 + 12*p**2 - 16*p - 7. Determine x(u).
32
Let r(j) be the second derivative of j**6/120 - j**5/30 - j**3/3 - 4*j**2 - 3*j. Let g(c) be the first derivative of r(c). Calculate g(3).
7
Let n(h) be the third derivative of -h**5/60 + h**4/4 + h**3/2 - 2*h**2. Let t be n(7). Let q(j) = -2 - j**2 - 9*j**3 + 2*j + 8*j**3 + 8 - 3*j**2. Give q(t).
-2
Let n = 7 + 0. Suppose -n = 2*o - 1. Let x(s) = 2*s - 2. Calculate x(o).
-8
Suppose -8 - 2 = -5*m. Let d(s) = 4*s + 5 + s**m + 3 - 5 - 2*s. Determine d(-2).
3
Suppose 0 = 6*q - 5*q + 4, 0 = -2*i + 4*q + 16. Let f(o) = -o**3 + i*o + 1 + 0 + 2*o**2 + o. Give f(3).
-5
Suppose -5*p + 5 + 25 = 0. Let g = -190 - -196. Suppose p = -7*j + g*j. Let d(o) = o**2 + 5*o - 5. What is d(j)?
1
Let z = -6 + 6. Let k = 2 - z. Let j(n) = 3 + 2*n - k - n + 6*n. Determine j(-1).
-6
Let h(l) = 4*l**2 - 2. Let f(t) = -2 - 2 + 3 + t**2. Let d(x) = -5*f(x) + h(x). Let m(z) = z + 6. Let w be m(-9). Calculate d(w).
-6
Suppose 7*d = 3 + 18. Let c(p) = -4*p**2 + 2*p**2 + p**2 + d*p - 2. Let y(u) = -u. Let x be y(-2). What is c(x)?
0
Let i(q) = -5*q**2 - 2*q - 25*q**2 + 31*q**2 - 6*q**2 - 2 - q**3. Suppose 2 - 22 = 4*j. What is i(j)?
8
Let m be (-11 - -14)*(-2)/(-3). Let u(g) be the third derivative of g**6/120 - g**5/20 + g**4/8 - g**3/2 - 53*g**2. What is u(m)?
-1
Let i(x) be the second derivative of -x**3/6 + 421*x + 2. Suppose -3*t + 5*g = 18, 3*t - g = 3*g - 18. Calculate i(t).
6
Let t(y) = 12*y**3 - 5*y**2 - 5*y + 1. Let q(b) = -25*b**3 + 12*b**2 + 12*b - 2. Let j(v) = 4*q(v) + 9*t(v). Calculate j(-1).
-7
Let c(v) be the second derivative of 19*v**3/6 + v**2/2 + 2*v + 7. Calculate c(-1).
-18
Let x(k) = 7*k + 4. Suppose 6*y - 251 = -269. What is x(y)?
-17
Let c(m) be the first derivative of -17 + 3*m - 3/2*m**2. What is c(2)?
-3
Let t(u) = u**2 + 5*u - 2. Suppose -2*k - 2*f = 2*k + 4, 0 = -3*k - 5*f - 17. Let v(i) = i. Let x(n) = k*t(n) - 4*v(n). Determine x(0).
-2
Let w(f) = -7*f + 1. Suppose 2*p - 9 - 3 = 0. Suppose -y = -s - 2 - 2, 3*y = s + p. Determine w(y).
-6
Let c(s) = -s**2 + 8*s - 8. Suppose 50 = 3*g + 11. Let u(x) = 3 + 9*x - 7 - g*x**2 + 14*x**2. Let z be u(-10). What is c(z)?
4
Let g(b) = -b**3 - 16*b**2 - 20*b - 9. Let f be g(-15). Let t be (-2)/(-11) - (12/f - -3). Let w(l) = -5 + 5 - l. Determine w(t).
3
Let u(s) = -4*s**2 + 0*s**2 - 26*s + 33*s - s**3 - s**2. Let b = -18 - -12. Let r be u(b). Let a(d) = -d**2 - 7*d - 5. What is a(r)?
1
Let a(l) = -15*l + 1. Let h be -24 - (-3 - (0 + -1)). Let k be (3 - -20)*2*4/(-8). Let o = h - k. Determine a(o).
-14
Suppose 0*a - 7*a = 14. Let k(t) = -28*t - 1. Calculate k(a).
55
Suppose 3*s + 8 = -4. Let h(n) = n - 5 + n**3 - 8*n + 1 + 3*n**2 + 0*n. Let j(i) = -i**3 - 3*i**2 + 6*i + 3. Let v(g) = -4*h(g) - 5*j(g). What is v(s)?
-7
Let j(m) = 66*m + 14 - 28 + 14 - 62*m. Give j(-2).
-8
Suppose 3*j + 28 = -2. Let x be (1 - 17) + 11 + j. Let i = x - -15. Let m(p) = p**3 + p - 6. Give m(i).
-6
Let k(z) = -z**3 + 4*z**2 - 5*z + 3. Let a be 6/((9/12)/((-30)/(-80))). What is k(a)?
-3
Let x(q) = q**3 + 8*q**2 + q + 8. Suppose 0 = -5*l + 4*l + 7. Let v = -15 + l. Determine x(v).
0
Let z(i) be the second derivative of i**4/2 - i**3/3 - i**2/2 + 3*i - 56. Give z(2).
19
Suppose -7*k 